{"id":16,"date":"2020-04-26T12:37:13","date_gmt":"2020-04-26T12:37:13","guid":{"rendered":"https:\/\/lorenzoenlared.com\/blog\/?page_id=16"},"modified":"2020-04-26T12:37:14","modified_gmt":"2020-04-26T12:37:14","slug":"politica-de-cookies","status":"publish","type":"page","link":"https:\/\/lorenzoenlared.com\/blog\/politica-de-cookies\/","title":{"rendered":"Pol\u00edtica de Cookies"},"content":{"rendered":"\n<h6>i. \u00bfQu\u00e9 son las cookies de tu navegador?<\/h6>\n\n\n\n<ul><li>Las cookies son informaci\u00f3n que queda almacenada en el navegador de tu ordenador, tablet o tel\u00e9fono m\u00f3vil, y que facilitan y personalizan la navegaci\u00f3n cuando visitas las mismas p\u00e1ginas.<\/li><\/ul>\n\n\n\n<h6>ii. \u00bfPara qu\u00e9 sirven las cookies?<\/h6>\n\n\n\n<ul><li>Las cookies no te identifican personalmente y no suponen ning\u00fan riesgo para tu ordenador o dispositivo m\u00f3vil. Simplemente son herramientas utilizadas por los sitios web que visitas para mejorar tu navegaci\u00f3n.<\/li><li>T\u00fa decides si permites o no las cookies, pero si decides no permitirlas, debes bloquearlas en tu navegador. Antes de bloquearlas, es importante que sepas algunas cosas b\u00e1sicas.<\/li><\/ul>\n\n\n\n<p>Por ejemplo, en lorenzoenlared.com usamos cookies:<\/p>\n\n\n\n<ul><li>Cuando accedes a Mi Cuenta, as\u00ed no tienes que escribir tu nombre de usuario constantemente.<\/li><li>Para conocer tus gustos en tu pr\u00f3xima visita a nuestra web.<\/li><\/ul>\n\n\n\n<h6>iii. \u00bfQu\u00e9 tipo de cookies utilizamos?<\/h6>\n\n\n\n<ul><li>En nuestra web utlilizamos 2 tipos:<\/li><\/ul>\n\n\n\n<p><strong>Cookies t\u00e9cnicas:<\/strong><\/p>\n\n\n\n<ul><li>Son necesarias para que puedas navegar por Lorenzoelared.com correctamente y que puedas acceder a todas las secciones sin problemas.<\/li><\/ul>\n\n\n\n<p><strong>Cookies de an\u00e1lisis:<\/strong><\/p>\n\n\n\n<ul><li>Nos permiten entender como navegas por nuestra web, ver que funciona y que no, mejorar la p\u00e1gina web, calcular cuanta gente visita Lorenzoenlared.com con el fin de mejorar los servicios que te podemos ofrecer&#8230;<\/li><li>Esta informaci\u00f3n es an\u00f3nima, ya que s\u00f3lo la necesitamos para fines estad\u00edsticos.<\/li><\/ul>\n\n\n\n<ul><li>Algunas cookies, llamadas \u00ab<strong><em>Cookies de sesi\u00f3n<\/em><\/strong>\u00ab, se borran autom\u00e1ticamente cuando cierras el navegador.<\/li><\/ul>\n\n\n\n<h6>iv. \u00bfC\u00f3mo puedes desactivar o permitir las cookies en tu navegador?<\/h6>\n\n\n\n<ul><li>Los navegadores normalmente permiten las cookies de forma predeterminada.<\/li><li>Al visitar nuestra web, est\u00e1s aceptando la instalaci\u00f3n de cookies en tu dispositivo, pero eres t\u00fa el que eliges si quieres navegar con o sin cookies.<\/li><li>En cualquier momento puedes elegir qu\u00e9 cookies quieres que funcionen en este sitio web configurando tu navegador.<\/li><li>Pero ojo, que si bloqueas las cookies habr\u00e1 mucha informaci\u00f3n que no puedas ver despu\u00e9s y puede que el bloqueo impida que algunas caracter\u00edsticas de la web funcionen correctamente.<\/li><\/ul>\n","protected":false},"excerpt":{"rendered":"<p>i. \u00bfQu\u00e9 son las cookies de tu navegador? Las cookies son informaci\u00f3n que queda almacenada en el navegador de tu ordenador, tablet o tel\u00e9fono m\u00f3vil, y que facilitan y personalizan la navegaci\u00f3n cuando visitas las mismas p\u00e1ginas. ii. \u00bfPara qu\u00e9 sirven las cookies? Las cookies no te identifican personalmente y no suponen ning\u00fan riesgo para &#8230; <a title=\"Pol\u00edtica de Cookies\" class=\"read-more\" href=\"https:\/\/lorenzoenlared.com\/blog\/politica-de-cookies\/\" aria-label=\"M\u00e1s en Pol\u00edtica de Cookies\">Leer m\u00e1s<\/a><\/p>\n","protected":false},"author":1,"featured_media":0,"parent":0,"menu_order":0,"comment_status":"closed","ping_status":"closed","template":"","meta":[],"yoast_head":"<!-- This site is optimized with the Yoast SEO plugin v19.10 - https:\/\/yoast.com\/wordpress\/plugins\/seo\/ -->\n<title>Pol\u00edtica de Cookies - lorenzoenlared.com<\/title>\n<meta name=\"description\" content=\"i. \u00bfQu\u00e9 son las cookies de tu navegador? Las cookies son informaci\u00f3n que queda almacenada en el navegador de tu ordenador, tablet o tel\u00e9fono m\u00f3vil, y que\" \/>\n<meta name=\"robots\" content=\"noindex, follow\" \/>\n<meta property=\"og:locale\" content=\"es_ES\" \/>\n<meta property=\"og:type\" content=\"article\" \/>\n<meta property=\"og:title\" content=\"Pol\u00edtica de Cookies - lorenzoenlared.com\" \/>\n<meta property=\"og:description\" content=\"i. \u00bfQu\u00e9 son las cookies de tu navegador? Las cookies son informaci\u00f3n que queda almacenada en el navegador de tu ordenador, tablet o tel\u00e9fono m\u00f3vil, y que\" \/>\n<meta property=\"og:url\" content=\"https:\/\/lorenzoenlared.com\/blog\/politica-de-cookies\/\" \/>\n<meta property=\"og:site_name\" content=\"lorenzoenlared.com\" \/>\n<meta property=\"article:publisher\" content=\"https:\/\/www.facebook.com\/muebleslorenzovilaboa\/\" \/>\n<meta property=\"article:modified_time\" content=\"2020-04-26T12:37:14+00:00\" \/>\n<meta name=\"twitter:card\" content=\"summary_large_image\" \/>\n<meta name=\"twitter:label1\" content=\"Tiempo de lectura\" \/>\n\t<meta name=\"twitter:data1\" content=\"2 minutos\" \/>\n<script type=\"application\/ld+json\" class=\"yoast-schema-graph\">{\"@context\":\"https:\/\/schema.org\",\"@graph\":[{\"@type\":\"WebPage\",\"@id\":\"https:\/\/lorenzoenlared.com\/blog\/politica-de-cookies\/\",\"url\":\"https:\/\/lorenzoenlared.com\/blog\/politica-de-cookies\/\",\"name\":\"Pol\u00edtica de Cookies - lorenzoenlared.com\",\"isPartOf\":{\"@id\":\"https:\/\/lorenzoenlared.com\/blog\/#website\"},\"datePublished\":\"2020-04-26T12:37:13+00:00\",\"dateModified\":\"2020-04-26T12:37:14+00:00\",\"description\":\"i. \u00bfQu\u00e9 son las cookies de tu navegador? Las cookies son informaci\u00f3n que queda almacenada en el navegador de tu ordenador, tablet o tel\u00e9fono m\u00f3vil, y que\",\"breadcrumb\":{\"@id\":\"https:\/\/lorenzoenlared.com\/blog\/politica-de-cookies\/#breadcrumb\"},\"inLanguage\":\"es\",\"potentialAction\":[{\"@type\":\"ReadAction\",\"target\":[\"https:\/\/lorenzoenlared.com\/blog\/politica-de-cookies\/\"]}]},{\"@type\":\"BreadcrumbList\",\"@id\":\"https:\/\/lorenzoenlared.com\/blog\/politica-de-cookies\/#breadcrumb\",\"itemListElement\":[{\"@type\":\"ListItem\",\"position\":1,\"name\":\"Portada\",\"item\":\"https:\/\/lorenzoenlared.com\/blog\/\"},{\"@type\":\"ListItem\",\"position\":2,\"name\":\"Pol\u00edtica de Cookies\"}]},{\"@type\":\"WebSite\",\"@id\":\"https:\/\/lorenzoenlared.com\/blog\/#website\",\"url\":\"https:\/\/lorenzoenlared.com\/blog\/\",\"name\":\"lorenzoenlared.com\",\"description\":\"Blog\",\"publisher\":{\"@id\":\"https:\/\/lorenzoenlared.com\/blog\/#organization\"},\"potentialAction\":[{\"@type\":\"SearchAction\",\"target\":{\"@type\":\"EntryPoint\",\"urlTemplate\":\"https:\/\/lorenzoenlared.com\/blog\/?s={search_term_string}\"},\"query-input\":\"required name=search_term_string\"}],\"inLanguage\":\"es\"},{\"@type\":\"Organization\",\"@id\":\"https:\/\/lorenzoenlared.com\/blog\/#organization\",\"name\":\"Muebles Lorenzo\",\"url\":\"https:\/\/lorenzoenlared.com\/blog\/\",\"logo\":{\"@type\":\"ImageObject\",\"inLanguage\":\"es\",\"@id\":\"https:\/\/lorenzoenlared.com\/blog\/#\/schema\/logo\/image\/\",\"url\":\"https:\/\/lorenzoenlared.com\/blog\/wp-content\/uploads\/2020\/04\/facebook_fotoperfil.jpg\",\"contentUrl\":\"https:\/\/lorenzoenlared.com\/blog\/wp-content\/uploads\/2020\/04\/facebook_fotoperfil.jpg\",\"width\":180,\"height\":180,\"caption\":\"Muebles Lorenzo\"},\"image\":{\"@id\":\"https:\/\/lorenzoenlared.com\/blog\/#\/schema\/logo\/image\/\"},\"sameAs\":[\"https:\/\/www.instagram.com\/muebleslorenzovilaboa\/\",\"https:\/\/www.facebook.com\/muebleslorenzovilaboa\/\"]}]}<\/script>\n<!-- \/ Yoast SEO plugin. -->","yoast_head_json":{"title":"Pol\u00edtica de Cookies - lorenzoenlared.com","description":"i. \u00bfQu\u00e9 son las cookies de tu navegador? Las cookies son informaci\u00f3n que queda almacenada en el navegador de tu ordenador, tablet o tel\u00e9fono m\u00f3vil, y que","robots":{"index":"noindex","follow":"follow"},"og_locale":"es_ES","og_type":"article","og_title":"Pol\u00edtica de Cookies - lorenzoenlared.com","og_description":"i. \u00bfQu\u00e9 son las cookies de tu navegador? Las cookies son informaci\u00f3n que queda almacenada en el navegador de tu ordenador, tablet o tel\u00e9fono m\u00f3vil, y que","og_url":"https:\/\/lorenzoenlared.com\/blog\/politica-de-cookies\/","og_site_name":"lorenzoenlared.com","article_publisher":"https:\/\/www.facebook.com\/muebleslorenzovilaboa\/","article_modified_time":"2020-04-26T12:37:14+00:00","twitter_card":"summary_large_image","twitter_misc":{"Tiempo de lectura":"2 minutos"},"schema":{"@context":"https:\/\/schema.org","@graph":[{"@type":"WebPage","@id":"https:\/\/lorenzoenlared.com\/blog\/politica-de-cookies\/","url":"https:\/\/lorenzoenlared.com\/blog\/politica-de-cookies\/","name":"Pol\u00edtica de Cookies - lorenzoenlared.com","isPartOf":{"@id":"https:\/\/lorenzoenlared.com\/blog\/#website"},"datePublished":"2020-04-26T12:37:13+00:00","dateModified":"2020-04-26T12:37:14+00:00","description":"i. \u00bfQu\u00e9 son las cookies de tu navegador? Las cookies son informaci\u00f3n que queda almacenada en el navegador de tu ordenador, tablet o tel\u00e9fono m\u00f3vil, y que","breadcrumb":{"@id":"https:\/\/lorenzoenlared.com\/blog\/politica-de-cookies\/#breadcrumb"},"inLanguage":"es","potentialAction":[{"@type":"ReadAction","target":["https:\/\/lorenzoenlared.com\/blog\/politica-de-cookies\/"]}]},{"@type":"BreadcrumbList","@id":"https:\/\/lorenzoenlared.com\/blog\/politica-de-cookies\/#breadcrumb","itemListElement":[{"@type":"ListItem","position":1,"name":"Portada","item":"https:\/\/lorenzoenlared.com\/blog\/"},{"@type":"ListItem","position":2,"name":"Pol\u00edtica de Cookies"}]},{"@type":"WebSite","@id":"https:\/\/lorenzoenlared.com\/blog\/#website","url":"https:\/\/lorenzoenlared.com\/blog\/","name":"lorenzoenlared.com","description":"Blog","publisher":{"@id":"https:\/\/lorenzoenlared.com\/blog\/#organization"},"potentialAction":[{"@type":"SearchAction","target":{"@type":"EntryPoint","urlTemplate":"https:\/\/lorenzoenlared.com\/blog\/?s={search_term_string}"},"query-input":"required name=search_term_string"}],"inLanguage":"es"},{"@type":"Organization","@id":"https:\/\/lorenzoenlared.com\/blog\/#organization","name":"Muebles Lorenzo","url":"https:\/\/lorenzoenlared.com\/blog\/","logo":{"@type":"ImageObject","inLanguage":"es","@id":"https:\/\/lorenzoenlared.com\/blog\/#\/schema\/logo\/image\/","url":"https:\/\/lorenzoenlared.com\/blog\/wp-content\/uploads\/2020\/04\/facebook_fotoperfil.jpg","contentUrl":"https:\/\/lorenzoenlared.com\/blog\/wp-content\/uploads\/2020\/04\/facebook_fotoperfil.jpg","width":180,"height":180,"caption":"Muebles Lorenzo"},"image":{"@id":"https:\/\/lorenzoenlared.com\/blog\/#\/schema\/logo\/image\/"},"sameAs":["https:\/\/www.instagram.com\/muebleslorenzovilaboa\/","https:\/\/www.facebook.com\/muebleslorenzovilaboa\/"]}]}},"_links":{"self":[{"href":"https:\/\/lorenzoenlared.com\/blog\/wp-json\/wp\/v2\/pages\/16"}],"collection":[{"href":"https:\/\/lorenzoenlared.com\/blog\/wp-json\/wp\/v2\/pages"}],"about":[{"href":"https:\/\/lorenzoenlared.com\/blog\/wp-json\/wp\/v2\/types\/page"}],"author":[{"embeddable":true,"href":"https:\/\/lorenzoenlared.com\/blog\/wp-json\/wp\/v2\/users\/1"}],"replies":[{"embeddable":true,"href":"https:\/\/lorenzoenlared.com\/blog\/wp-json\/wp\/v2\/comments?post=16"}],"version-history":[{"count":2,"href":"https:\/\/lorenzoenlared.com\/blog\/wp-json\/wp\/v2\/pages\/16\/revisions"}],"predecessor-version":[{"id":18,"href":"https:\/\/lorenzoenlared.com\/blog\/wp-json\/wp\/v2\/pages\/16\/revisions\/18"}],"wp:attachment":[{"href":"https:\/\/lorenzoenlared.com\/blog\/wp-json\/wp\/v2\/media?parent=16"}],"curies":[{"name":"wp","href":"https:\/\/api.w.org\/{rel}","templated":true}]}}